e remainder when i is divided by 5?
3
Let o(a) = 2*a - 10. Let g be o(8). Let j = 8 - g. Calculate the remainder when (-1)/j - (-93)/2 is divided by 24.
22
Suppose 0 = -2*b - 5*k + 119 - 18, 4*k = -3*b + 155. Let i = b + -25. Calculate the remainder when i is divided by 10.
8
Let i(w) = -w + 2. Let x be i(2). Suppose -2*o + 5 + 53 = x. Suppose f - 3 = 3*q - 5, 36 = 4*f - q. Calculate the remainder when o is divided by f.
9
Let r(x) = -x**2 - x + 2. Let y be r(0). Let p(b) = 4*b - 5. What is the remainder when 0/y - (-54)/1 is divided by p(6)?
16
Suppose 336 = -3*d + 3*w + 2*w, -3*d - 5*w - 336 = 0. Let y = d - -231. Calculate the remainder when y is divided by 30.
29
Suppose 0 = -0*r + r, -3*j = -2*r - 81. Let z = j - 12. What is the remainder when 28 is divided by z?
13
Let q(n) = n + 9. Let s be q(-4). Suppose 0 = -s*x + 3*h + 90, -4*x + x = -h - 58. Calculate the remainder when 81 is divided by x.
18
Suppose 2*a - 2*t = -4*t - 188, 4*a - 5*t + 394 = 0. Suppose -3*v - 20 = 2*v, -v = 2*r - 42. Calculate the remainder when r is divided by 9/(-4)*a/18.
11
Let v(p) = -p**2 - 10*p - 5. Let k = 10 + -4. What is the remainder when v(-3) is divided by k?
4
Calculate the remainder when 29 is divided by ((-2)/3 + 1)/(4/60).
4
Let n = -15 + 15. Let a(j) = j**2 + j + 11. Calculate the remainder when 43 is divided by a(n).
10
Calculate the remainder when 70 + -6 + 9/3 is divided by 14.
11
Let n = -96 + 188. Calculate the remainder when n is divided by 31.
30
Let u(y) = 14*y + 10. What is the remainder when u(3) is divided by 18?
16
Let u(x) = x**3 + 5*x**2 - x - 4. Let j be u(-5). Suppose -4*v - v - j = 3*r, 0 = -4*r - 2*v + 8. What is the remainder when r is divided by 3?
0
Let y(u) = 6*u**3 - 3*u**2 + 2*u. Let c = -29 - -15. Let o = 0 - c. Calculate the remainder when y(2) is divided by o.
12
Let i = 57 - 41. Calculate the remainder when 29 is divided by i.
13
Let r = -30 + 43. What is the remainder when 38 is divided by r?
12
Suppose 0 = -3*r + 9, 5*z + 2*r - 15 - 1 = 0. Suppose 0 = 5*q - z*f - 191, 5 + 3 = 4*f. Calculate the remainder when q is divided by 11.
6
Suppose 0 = y - 6 - 23. Let i(o) = o**3 + 2*o**2 - 3*o - 3. Let f be i(-3). What is the remainder when y is divided by (-6)/(-4)*(-20)/f?
9
Suppose 287 = 3*x - 5*h, 6*h = x + 9*h - 119. Calculate the remainder when x is divided by 28.
20
Suppose 58 = f - 9. Calculate the remainder when f is divided by 34.
33
Let t = 27 + -14. What is the remainder when 23 is divided by t?
10
Let p = -23 + 105. Calculate the remainder when p is divided by 29.
24
Suppose 0 = m - w + 1, -2*m = m + 3*w - 21. Calculate the remainder when 7 is divided by m.
1
Let r(v) = -12*v - 21. What is the remainder when r(-9) is divided by 11?
10
Let p(s) = 5*s**2 + 4*s - 13. Calculate the remainder when p(4) is divided by 29.
25
Calculate the remainder when 2/(-3) - 202*(-1)/6 is divided by 6.
3
Suppose -16*x + 112 = -256. What is the remainder when x is divided by 9?
5
Calculate the remainder when (14*6/9)/(6/27) is divided by 17.
8
Let w be (-696)/(-27) - 4/(-18). Let a = -10 + w. What is the remainder when a is divided by 6?
4
Suppose -d = -h - 31, 0*d - 4*h - 52 = -2*d. Calculate the remainder when d is divided by 14.
8
Calculate the remainder when 23 is divided by 3/6*(-7 + 15).
3
Calculate the remainder when 1/(2 + (190/(-48) - -2)) is divided by 5.
4
Suppose -v + 74 = 2*h, 3*v - 37 = -h - 0*h. Suppose 0*y = 5*k + 4*y - 115, -77 = -3*k - 4*y. Calculate the remainder when h is divided by k.
18
Let q(v) = -v - 3. Let d = -4 - 1. Calculate the remainder when q(d) is divided by 1.
0
Suppose 3*n - 4*n = -162. Calculate the remainder when n is divided by 33.
30
Let o be 678/(-21) - (-4)/14. Let l = -19 - o. What is the remainder when 23 is divided by l?
10
Let l(h) = h**3 - 5*h**2 + h - 3. What is the remainder when l(6) is divided by 14?
11
Let u = -6 - -3. Calculate the remainder when 7 is divided by 3 + -3 + (0 - u).
1
Let q = 14 - 12. What is the remainder when q is divided by 2?
0
Suppose -3*j + 9*j - 630 = 0. What is the remainder when j is divided by 0 - (-1*2 - 25)?
24
Let c(f) = -10*f - 2. Let p(y) = -19*y - 4. Let x(w) = -5*c(w) + 2*p(w). Calculate the remainder when 40 is divided by x(1).
12
What is the remainder when 62 is divided by -4*((-57)/6 + 1)?
28
Suppose 2*a = 5*y + 71, -62 - 19 = -3*a - y. Let t(o) = -8*o + 1. Let f be t(1). Let q = f - -17. Calculate the remainder when a is divided by q.
8
Suppose -5*x = 2*k - 549, 0 = -3*k + 5*k + x - 537. Suppose 2*o = g - 15, -2 = 5*o - 4*o. What is the remainder when k/9 - 3/(-9) is divided by g?
8
Let f = 32 + -4. Let d = -18 - -33. What is the remainder when f is divided by d?
13
Let v = -5 - -15. Let p = v + -3. What is the remainder when (-3 + 1 - -7)*5 is divided by p?
4
Suppose 4*o = -o - 15. Let z be ((-2)/o)/(4/(-12)). Calculate the remainder when z/7 - 1440/(-42) is divided by 18.
16
Suppose 0 = 4*a - 2*a. Suppose a*z = -5*z + 310. Calculate the remainder when z is divided by 16.
14
Let r(c) = 8*c - 21. What is the remainder when r(10) is divided by (-156)/(-8) - 1/(-2)?
19
Suppose 0*q - 4*h + 36 = -3*q, 2*q + h = -13. What is the remainder when 53 is divided by (-6)/(-24) + (-142)/q?
17
Suppose -16*v + 93 = -35. What is the remainder when 13 is divided by v?
5
Let g(v) = v + 2. Let y be g(-7). Let q = 7 + y. Suppose 4*u + 5*i - 115 = 4*i, u - q*i - 40 = 0. What is the remainder when u is divided by 16?
14
Suppose 0 = -2*p - 3*u + 77, -4*u + 117 = 2*p - 9*u. Calculate the remainder when 87 is divided by p.
41
Let w(j) = -4*j + 2*j + 1 + 2 + 10*j. Calculate the remainder when 37 is divided by w(2).
18
Let o = 92 - 59. Suppose -5*x - o = -0*m - 3*m, -5*x + 15 = 0. Let u = -22 + 31. What is the remainder when m is divided by u?
7
Let r(s) = s**3 + 2*s - 3. What is the remainder when 24 is divided by r(2)?
6
Calculate the remainder when 69 is divided by (12/5)/((-124)/(-30) - 4).
15
Suppose 56 = 5*m - 2*v, -m - m + 3*v = -29. What is the remainder when 49 is divided by m?
9
Let o = 3 - 1. Suppose -o*i - 3*l + 3 = -i, -4*i = 4*l - 44. Suppose -p = -5*b - 28, 5*p + 3*b = i + 41. What is the remainder when 37 is divided by p?
11
Let t = 67 + -16. What is the remainder when t is divided by 27?
24
Let u = 11 - 7. Suppose -5*d - 5 + 43 = u*l, d - 16 = -5*l. Calculate the remainder when 21 is divided by d.
3
Suppose -5*o = -2*h + 60, -8 = -0*h - h - 3*o. Let r(s) = -4*s - 1 + 0*s**2 + 0 + s**2. What is the remainder when h is divided by r(6)?
9
Let t = -129 + 136. What is the remainder when 76 is divided by t?
6
Suppose 2*l - 5 = -1, 4*v + 4*l = 40. Suppose 19 = 4*t - 53. Let k = 32 - t. Calculate the remainder when k is divided by v.
6
Let m(y) = y - 2. Let s be 1/(15/9 + -2). Calculate the remainder when -1 + 1/(s/(-15)) is divided by m(4).
0
Suppose 2*z - 9 = 19. Suppose -3*j - 3*w + 120 = 0, 0 = 5*j - w - 0*w - 206. Calculate the remainder when j is divided by z.
13
Let i(g) = -g**3 - 10*g**2 + 11*g + 4. Suppose 2*t - t = 9. Calculate the remainder when t is divided by i(-11).
1
Let m be -1 + 0 + 0/2. What is the remainder when ((-46)/(-8))/(2/8) is divided by -1 - m*21/3?
5
Let k(x) = -5*x - 4. Calculate the remainder when k(-6) is divided by 14.
12
Let s = -3 - -5. Suppose -i - 8 = -3*i + 4*o, -s*o - 24 = -3*i. Calculate the remainder when 18 is divided by i.
8
Let f(n) = -4*n - n - 6 - 6*n. Let i(b) = -b**3 - 15*b**2 - 2*b - 17. Calculate the remainder when f(-5) is divided by i(-15).
10
Let n = -32 + 106. Let t = -41 + n. What is the remainder when t is divided by 17?
16
Suppose -214 = -9*y - 70. What is the remainder when 77 is divided by y?
13
Let h be 5/2 - (-5)/(-10). Suppose h*b + 0*t = 5*t - 11, -4*b + 4*t = 4. Let n = 11 + b. Calculate the remainder when 24 is divided by n.
11
Let s(z) = 2*z + 2. Suppose -8 = -3*w + 1. What is the remainder when 14 is divided by s(w)?
6
Suppose -4 = -o + 7. What is the remainder when 1/2*(0 - -86) is divided by o?
10
Let m(j) = j**3 - j - 94. Suppose 3*p - 10 = p - 2*d, 0 = -4*p - 3*d + 15. Let q be m(p). What is the remainder when 31 is divided by (-2)/(-6) + q/(-6)?
15
Suppose q + y + 6 = -4*y, -y = -2*q - 1. Let t(u) = -5*u**3 + 2*u**2 + u. Calculate the remainder when 22 is divided by t(q).
4
Suppose -d - 4 = -0*